 -37 - -4) composite?
False
Let f(z) = 151*z**2 - 10*z - 6. Let n be f(-4). Suppose -s - n = -3*s. Suppose 3535 = 5*a + 5*l, 3*a - 896 = -4*l + s. Is a composite?
True
Let y be 6*(1 + 2)/6. Suppose -y*w = 5*w - 8488. Is w a composite number?
False
Let k = 5290 - 2708. Is k a prime number?
False
Suppose -4*n + 26 + 22 = 0. Is 1/((n/4)/174) prime?
False
Let n(y) = 1 + 4 - 2*y - 7 + 6. Let d be n(0). Suppose u - d*u = -75. Is u composite?
True
Is 8 + (-299)/39 - (-6512)/3 a composite number?
True
Let o(x) = -128*x. Suppose -3*p + p = 6. Let j be o(p). Suppose k = 3*a - j, -5*a = -a - 3*k - 517. Is a composite?
False
Let z = 150 - 152. Is z*3/18*(-95 - -2) composite?
False
Suppose 4*u + 24 = 3*n + n, -18 = 2*u - 4*n. Let i be 3 + 27/(0 - u). Is 2 + -1 + 696/i a composite number?
False
Let z = 1965 + 1052. Is z a composite number?
True
Let p(v) = 2*v**2 - 72*v + 89. Is p(-45) a composite number?
True
Let n(p) = 3 + 5*p - p**2 - 4*p - 7*p + 0*p**2. Let v be n(-6). Suppose -q = -22 + v. Is q prime?
True
Let m(h) = 16*h**3 + 7*h**2 - 21*h + 11. Is m(3) prime?
True
Let x be 46/(-14) - 4/(-14). Let n(t) be the third derivative of -t**6/40 - t**5/15 - t**4/24 + t**3/6 + 499*t**2. Is n(x) composite?
True
Let n be (-4)/((-8)/(-18))*(-245)/15. Is 4/16 - n/(-4) a composite number?
False
Let b be (-8)/(-12) - 1946/(-6). Let x = b + -134. Is x composite?
False
Let t = 588 + -418. Suppose -4*j - j + t = 0. Let k = j - -31. Is k a prime number?
False
Let r(h) = 818*h**2 - 2*h + 23. Is r(-6) a prime number?
True
Suppose -2475 = -8*t + 3*t. Let o be (4/(-3))/(3/(-9)). Suppose -5*b = -o*s + 606 + t, -2*b + 1066 = 4*s. Is s prime?
True
Let l be 1814 + (18/(-3) - -4). Suppose l = 5*h + 322. Is h a composite number?
True
Let s(c) = -3*c + 65 - 9 + 151. Let d(o) = -8*o + 620. Let n(q) = 4*d(q) - 11*s(q). Is n(0) a prime number?
False
Let y = 39 + -35. Suppose -198 = y*b - 1042. Is b a composite number?
False
Is (-7283)/((-2 - 6)/8) a composite number?
False
Let b be (-3)/((-6)/4*1). Suppose -3*t = -2*t + 1, 3*m + b*t = -11. Is (1 + 320/(-6))*m a prime number?
True
Let p(j) = j**3 - 6*j**2 + 3*j + 3. Let o be p(5). Let k(s) = -41*s + 4. Is k(o) composite?
True
Let n(c) = -52*c**2 - 5*c - 10. Let v be n(5). Let f = -778 - v. Is f prime?
True
Suppose 0 = -49*g + 48*g - 1. Is 1658 - (1 + -2)*g a composite number?
False
Let k = 6604 - 2771. Is k a prime number?
True
Suppose 0*q = -4*p - 4*q + 41692, -5*q = 20. Is p a composite number?
False
Let o be 3/2*(0 - 2). Let t(d) = 2*d**2 + 2*d + 1. Let b(k) = 18*k**2 + k - 2. Let x(l) = b(l) - 2*t(l). Is x(o) a prime number?
True
Let d(u) = 376*u**3 - 12*u**2 + 22*u - 61. Is d(7) a composite number?
False
Let m(z) = 100*z**2 - 4*z - 4. Let d be m(-1). Let u be (4/(-6))/(4/(-822)). Suppose -r = -d - u. Is r a prime number?
False
Let c be 1/5 + (-5970)/(-25). Let z(a) = -a**2 + 5*a - 1. Let j be z(4). Suppose -5*g - 3*f = -5 - 579, -2*g - j*f = -c. Is g a composite number?
True
Suppose j = -2*j + 4*t + 200, -4*j - 3*t = -225. Suppose 5*l - 8197 = -3*n, -l - j + 1717 = 5*n. Is l prime?
True
Suppose -2*j - 2*n + 136 = 0, -4*j = -5*n - 126 - 119. Let y = j - -92. Is y a prime number?
True
Let k(h) = h**2 - 15*h. Let r be k(15). Suppose 3*d - 3 = 0, 5*y + d - 4196 = -r*d. Is y composite?
False
Let s(p) = 3*p - 2. Let q be s(2). Suppose -5*t = -5*i + 60, 5*t = q*i - 46 + 2. Suppose -4*w = -i, 3*y - y - 542 = -w. Is y composite?
False
Let a(m) = -2*m + 6. Let v be a(3). Suppose 6*k - 1003 = -3*q + 2*k, -3*q + 2*k + 1033 = v. Is q prime?
False
Suppose 4 = -v + 3. Let d be (5 - v)*(-1 - -2). Suppose d*w - w - 385 = 2*a, 2*a + 227 = 3*w. Is w composite?
False
Let w(c) = 93*c**2 + 5*c - 1. Is w(2) a composite number?
True
Let a = -11 - -12. Is 863*(5 - 4/a) composite?
False
Suppose -7*t + 13226 = -4*t - h, 0 = -4*h + 4. Is t prime?
True
Let k = 6160 + -3819. Suppose -2*a = -x - 3*x + 3158, 3*x + 4*a - k = 0. Is x prime?
True
Let a be 15 - -5949 - (-1 - -2). Suppose z + a = 2*i, 2*i - 3*z = 5982 - 25. Is i prime?
False
Suppose 79937 = 3*u - 4*z, 53567 = 2*u - 5*z + 264. Is u a prime number?
False
Suppose 0 = -0*c - 6*c. Suppose 9 = 3*u - c. Is 1240/(8 - u) + -1 composite?
True
Let t = 2306 + 6693. Is t composite?
False
Suppose 9 = 2*z + 1. Suppose -5 = -i, g - 366 = -i + z*i. Is g a composite number?
True
Let b(g) = -g**2 - 8*g - 8. Let o be b(-6). Let j = 72 - o. Suppose 0 = -a + 5*x + 154, -2*a + 3*x + 383 = j. Is a composite?
True
Suppose 8*o = -73 - 71. Let m(t) = t**3 + 22*t**2 - 9*t - 19. Is m(o) composite?
False
Let d(w) = 0*w - 4*w + 2*w + 379. Is d(0) a composite number?
False
Let r = 56 + -31. Is 4/5 + 14555/r composite?
True
Let g = 6628 + -4475. Is g composite?
False
Suppose -209413 = -42*u - 19*u. Is u composite?
False
Let p(z) = 479*z**3. Let o be p(2). Suppose 4*h - o = -0*h. Is h composite?
True
Suppose -2*t + 36 = -4. Suppose j - 3*l = -0*j + 147, 4*l - t = 0. Suppose j + 231 = 3*c. Is c a composite number?
False
Suppose 2*p + 866 = 3*j, -3*j + 3*p + 49 = -812. Let d = -206 + j. Let b = d + 403. Is b composite?
True
Let o = 7339 + -3372. Is o composite?
False
Let o(v) = -5*v**3 - v**2 + 2*v + 2. Let s be o(-1). Suppose -s*m + 228 = -404. Is m prime?
False
Is (22/(-3))/(6/(-603)) a composite number?
True
Suppose -5*x + 37 = -2*m, m - 3*x + 20 = x. Let v = 22 + m. Is v/10 - 9648/(-45) a composite number?
True
Let o be (-31)/((-2 - -1)*14/28). Suppose -5*y + 93 = 2*m, -5*m + 0*y = -y - 192. Let r = o - m. Is r a composite number?
False
Let t(o) = o**3 - o**2 - o. Let k be t(0). Suppose q + f - 39 = -4*q, 2*f - 8 = k. Let s(j) = 47*j - 10. Is s(q) a prime number?
False
Let i be 4 - (0 + 1 + 0). Let q be (2 + (-3 - 0))*-3. Suppose -i*x - 2*x - q*b + 1579 = 0, 0 = 3*x - 3*b - 933. Is x a prime number?
False
Suppose -c + 4*t + 30 = 4*c, -17 = 4*c + 5*t. Suppose -9*l + c*l + 4417 = 0. Is l a prime number?
True
Let q = 35143 - 24344. Is q prime?
True
Suppose w + 3*g = -1117, -6 = 4*g - 2. Is w/(-6)*(-9)/(-3) prime?
True
Suppose 0 = 4*f - 4 - 12. Let k be -1 - (-5)/(5/f). Suppose 2*w + k*q + 1055 = 7*w, -5*q = -4*w + 844. Is w a composite number?
False
Let l = -1584 - -2761. Is l a composite number?
True
Let q(m) = 116*m**3 + m**2 - 2*m + 4. Suppose 0*t = 2*t - 4. Let o be q(t). Let f = -639 + o. Is f composite?
False
Let y = -8 - -10. Suppose 0 = -y*t - 4*t + 66. Is t composite?
False
Suppose -4*a + 9*z + 36 = 5*z, 4*a + 3*z - 1 = 0. Let x(i) = 27*i**2 + 2*i + 5. Is x(a) a prime number?
False
Suppose -5 = 11*v - 38. Let f = 296 - -272. Is (v + f/(-4))*-1 composite?
False
Is ((-10294)/4)/((-93)/1302) prime?
False
Is ((-23971)/(-8))/(1552/128 - 12) a composite number?
False
Is 75500 + 10/(-30)*27/3 composite?
True
Let b = -11 - -125. Suppose -3*g + b = -249. Is g prime?
False
Let x = 123 + -119. Suppose -2682 = -2*w + x*r, -3*w - 5*r - 6695 = -8*w. Is w composite?
True
Let w be 29260/224 - 3/(-8). Is w + 1 + -3 + 2 a composite number?
False
Let p(y) = 1389*y + 247. Is p(8) prime?
False
Let p = 3335 - -6468. Is p composite?
False
Let y = -71 + 108. Let a = -23 + y. Is 66/10 + a/35 prime?
True
Let q(i) = -21*i + 100. Is q(-11) prime?
True
Let x = -4990 - -14880. Suppose -5*f - 2*j + x - 1351 = 0, 0 = -2*f - 3*j + 3420. Is f prime?
False
Suppose 2*w - 12 = -4*l, 4*l - 4*w - 8 = 4. Suppose -l*h - 17 = 253. Let x = 167 + h. Is x prime?
False
Suppose -2626 = -5*o - 181. Is o a prime number?
False
Let p be (-3)/3 + 301 - 2. Suppose r + 63 = p. Is r prime?
False
Let l be (-81)/(-18)*(-2)/3. Is (4 + l + 30)*13 prime?
False
Let q(o) = o**2 - 24*o - 10. Let s be q(14). Let p = s - -229. Is p composite?
False
Is (-42883)/(-7) + (-174)/(-203) a prime number?
False
Let p be (-3 - 44)/(-1 + (-42)/(-43)). Let h = p - 484. Is h prime?
False
Is (4755/(-90))/((-4)/24) a composite number?
False
Suppose 0 = -84*h + 70*h + 20510. Is h a composite number?
True
Suppose 6 = 3*r - 6. Suppose 0*u + r*u - 5*x - 5265 = 0, u = 4*x + 1319. Is u a composite number?
True
Let t(d) = 8885*d**2 + 4*d + 14. Is t(-3) prime?
True
Let p(f) = 1564*f**2 + 23*f - 2. Is p(3) prime?
True
Let n = 26441 + -13804. Is n composite?
False
Suppose 2*f + 16*w - 20*w = 1434, 0 = -w - 4. Is f prime?
True
Suppose 16 = 16*w - 12*w. Suppose 2*l + 2*a = w*a + 2304, -a + 3452 = 3*l. Is l a co